{"id":231,"date":"2023-08-03T20:28:11","date_gmt":"2023-08-04T01:28:11","guid":{"rendered":"https:\/\/manilabikerental.com\/?post_type=product&#038;p=231"},"modified":"2025-09-17T14:12:38","modified_gmt":"2025-09-17T19:12:38","slug":"why-not","status":"publish","type":"product","link":"https:\/\/manilabikerental.com\/index.php\/product\/why-not\/","title":{"rendered":"Alto De Las Palmas || Todos Los Dias ||"},"content":{"rendered":"<p><img loading=\"lazy\" decoding=\"async\" class=\"alignnone size-medium wp-image-234\" src=\"http:\/\/manilabikerental.com\/wp-content\/uploads\/2023\/08\/WhatsApp-Image-2023-08-03-at-8.33.24-PM-225x300.jpeg\" alt=\"\" width=\"225\" height=\"300\" srcset=\"https:\/\/manilabikerental.com\/wp-content\/uploads\/2023\/08\/WhatsApp-Image-2023-08-03-at-8.33.24-PM-225x300.jpeg 225w, https:\/\/manilabikerental.com\/wp-content\/uploads\/2023\/08\/WhatsApp-Image-2023-08-03-at-8.33.24-PM-600x800.jpeg 600w, https:\/\/manilabikerental.com\/wp-content\/uploads\/2023\/08\/WhatsApp-Image-2023-08-03-at-8.33.24-PM.jpeg 768w\" sizes=\"(max-width: 225px) 100vw, 225px\" \/><img loading=\"lazy\" decoding=\"async\" class=\"alignnone size-medium wp-image-296\" src=\"http:\/\/manilabikerental.com\/wp-content\/uploads\/2023\/08\/IMG-20240827-WA0278-226x300.jpg\" alt=\"\" width=\"226\" height=\"300\" srcset=\"https:\/\/manilabikerental.com\/wp-content\/uploads\/2023\/08\/IMG-20240827-WA0278-226x300.jpg 226w, https:\/\/manilabikerental.com\/wp-content\/uploads\/2023\/08\/IMG-20240827-WA0278-770x1024.jpg 770w, https:\/\/manilabikerental.com\/wp-content\/uploads\/2023\/08\/IMG-20240827-WA0278-768x1021.jpg 768w, https:\/\/manilabikerental.com\/wp-content\/uploads\/2023\/08\/IMG-20240827-WA0278-1156x1536.jpg 1156w, https:\/\/manilabikerental.com\/wp-content\/uploads\/2023\/08\/IMG-20240827-WA0278-600x797.jpg 600w, https:\/\/manilabikerental.com\/wp-content\/uploads\/2023\/08\/IMG-20240827-WA0278.jpg 1179w\" sizes=\"(max-width: 226px) 100vw, 226px\" \/> <img loading=\"lazy\" decoding=\"async\" class=\"alignnone size-medium wp-image-297\" src=\"http:\/\/manilabikerental.com\/wp-content\/uploads\/2023\/08\/IMG-20240827-WA0279-226x300.jpg\" alt=\"\" width=\"226\" height=\"300\" srcset=\"https:\/\/manilabikerental.com\/wp-content\/uploads\/2023\/08\/IMG-20240827-WA0279-226x300.jpg 226w, https:\/\/manilabikerental.com\/wp-content\/uploads\/2023\/08\/IMG-20240827-WA0279-772x1024.jpg 772w, https:\/\/manilabikerental.com\/wp-content\/uploads\/2023\/08\/IMG-20240827-WA0279-768x1019.jpg 768w, https:\/\/manilabikerental.com\/wp-content\/uploads\/2023\/08\/IMG-20240827-WA0279-1158x1536.jpg 1158w, https:\/\/manilabikerental.com\/wp-content\/uploads\/2023\/08\/IMG-20240827-WA0279-600x796.jpg 600w, https:\/\/manilabikerental.com\/wp-content\/uploads\/2023\/08\/IMG-20240827-WA0279.jpg 1179w\" sizes=\"(max-width: 226px) 100vw, 226px\" \/> <img loading=\"lazy\" decoding=\"async\" class=\"alignnone size-medium wp-image-298\" src=\"http:\/\/manilabikerental.com\/wp-content\/uploads\/2023\/08\/IMG-20240827-WA0282-225x300.jpg\" alt=\"\" width=\"225\" height=\"300\" srcset=\"https:\/\/manilabikerental.com\/wp-content\/uploads\/2023\/08\/IMG-20240827-WA0282-225x300.jpg 225w, https:\/\/manilabikerental.com\/wp-content\/uploads\/2023\/08\/IMG-20240827-WA0282-768x1023.jpg 768w, https:\/\/manilabikerental.com\/wp-content\/uploads\/2023\/08\/IMG-20240827-WA0282-1153x1536.jpg 1153w, https:\/\/manilabikerental.com\/wp-content\/uploads\/2023\/08\/IMG-20240827-WA0282-600x799.jpg 600w, https:\/\/manilabikerental.com\/wp-content\/uploads\/2023\/08\/IMG-20240827-WA0282.jpg 1179w\" sizes=\"(max-width: 225px) 100vw, 225px\" \/> <img loading=\"lazy\" decoding=\"async\" class=\"alignnone size-medium wp-image-299\" src=\"http:\/\/manilabikerental.com\/wp-content\/uploads\/2023\/08\/IMG-20240827-WA0283-300x225.jpg\" alt=\"\" width=\"300\" height=\"225\" srcset=\"https:\/\/manilabikerental.com\/wp-content\/uploads\/2023\/08\/IMG-20240827-WA0283-300x225.jpg 300w, https:\/\/manilabikerental.com\/wp-content\/uploads\/2023\/08\/IMG-20240827-WA0283-1024x770.jpg 1024w, https:\/\/manilabikerental.com\/wp-content\/uploads\/2023\/08\/IMG-20240827-WA0283-768x577.jpg 768w, https:\/\/manilabikerental.com\/wp-content\/uploads\/2023\/08\/IMG-20240827-WA0283-600x451.jpg 600w, https:\/\/manilabikerental.com\/wp-content\/uploads\/2023\/08\/IMG-20240827-WA0283.jpg 1179w\" sizes=\"(max-width: 300px) 100vw, 300px\" \/> <img loading=\"lazy\" decoding=\"async\" class=\"alignnone size-medium wp-image-300\" src=\"http:\/\/manilabikerental.com\/wp-content\/uploads\/2023\/08\/IMG-20240827-WA0284-225x300.jpg\" alt=\"\" width=\"225\" height=\"300\" srcset=\"https:\/\/manilabikerental.com\/wp-content\/uploads\/2023\/08\/IMG-20240827-WA0284-225x300.jpg 225w, https:\/\/manilabikerental.com\/wp-content\/uploads\/2023\/08\/IMG-20240827-WA0284-769x1024.jpg 769w, https:\/\/manilabikerental.com\/wp-content\/uploads\/2023\/08\/IMG-20240827-WA0284-768x1023.jpg 768w, https:\/\/manilabikerental.com\/wp-content\/uploads\/2023\/08\/IMG-20240827-WA0284-1153x1536.jpg 1153w, https:\/\/manilabikerental.com\/wp-content\/uploads\/2023\/08\/IMG-20240827-WA0284-600x799.jpg 600w, https:\/\/manilabikerental.com\/wp-content\/uploads\/2023\/08\/IMG-20240827-WA0284.jpg 1179w\" sizes=\"(max-width: 225px) 100vw, 225px\" \/> <img loading=\"lazy\" decoding=\"async\" class=\"alignnone size-medium wp-image-301\" src=\"http:\/\/manilabikerental.com\/wp-content\/uploads\/2023\/08\/IMG-20240827-WA0286-225x300.jpg\" alt=\"\" width=\"225\" height=\"300\" srcset=\"https:\/\/manilabikerental.com\/wp-content\/uploads\/2023\/08\/IMG-20240827-WA0286-225x300.jpg 225w, https:\/\/manilabikerental.com\/wp-content\/uploads\/2023\/08\/IMG-20240827-WA0286-768x1024.jpg 768w, https:\/\/manilabikerental.com\/wp-content\/uploads\/2023\/08\/IMG-20240827-WA0286-1152x1536.jpg 1152w, https:\/\/manilabikerental.com\/wp-content\/uploads\/2023\/08\/IMG-20240827-WA0286-600x800.jpg 600w, https:\/\/manilabikerental.com\/wp-content\/uploads\/2023\/08\/IMG-20240827-WA0286.jpg 1179w\" sizes=\"(max-width: 225px) 100vw, 225px\" \/> <img loading=\"lazy\" decoding=\"async\" class=\"alignnone size-medium wp-image-302\" src=\"http:\/\/manilabikerental.com\/wp-content\/uploads\/2023\/08\/IMG-20240827-WA0287-300x249.jpg\" alt=\"\" width=\"300\" height=\"249\" srcset=\"https:\/\/manilabikerental.com\/wp-content\/uploads\/2023\/08\/IMG-20240827-WA0287-300x249.jpg 300w, https:\/\/manilabikerental.com\/wp-content\/uploads\/2023\/08\/IMG-20240827-WA0287-1024x849.jpg 1024w, https:\/\/manilabikerental.com\/wp-content\/uploads\/2023\/08\/IMG-20240827-WA0287-768x636.jpg 768w, https:\/\/manilabikerental.com\/wp-content\/uploads\/2023\/08\/IMG-20240827-WA0287-600x497.jpg 600w, https:\/\/manilabikerental.com\/wp-content\/uploads\/2023\/08\/IMG-20240827-WA0287.jpg 1179w\" sizes=\"(max-width: 300px) 100vw, 300px\" \/> <img loading=\"lazy\" decoding=\"async\" class=\"alignnone size-medium wp-image-303\" src=\"http:\/\/manilabikerental.com\/wp-content\/uploads\/2023\/08\/IMG-20240827-WA0288-300x300.jpg\" alt=\"\" width=\"300\" height=\"300\" srcset=\"https:\/\/manilabikerental.com\/wp-content\/uploads\/2023\/08\/IMG-20240827-WA0288-300x300.jpg 300w, https:\/\/manilabikerental.com\/wp-content\/uploads\/2023\/08\/IMG-20240827-WA0288-1022x1024.jpg 1022w, https:\/\/manilabikerental.com\/wp-content\/uploads\/2023\/08\/IMG-20240827-WA0288-150x150.jpg 150w, https:\/\/manilabikerental.com\/wp-content\/uploads\/2023\/08\/IMG-20240827-WA0288-768x769.jpg 768w, https:\/\/manilabikerental.com\/wp-content\/uploads\/2023\/08\/IMG-20240827-WA0288-600x601.jpg 600w, https:\/\/manilabikerental.com\/wp-content\/uploads\/2023\/08\/IMG-20240827-WA0288-100x100.jpg 100w, https:\/\/manilabikerental.com\/wp-content\/uploads\/2023\/08\/IMG-20240827-WA0288.jpg 1179w\" sizes=\"(max-width: 300px) 100vw, 300px\" \/><\/p>\n","protected":false},"excerpt":{"rendered":"<blockquote><p><strong>ESP<\/strong><br \/>\nRodamos por la monta\u00f1a m\u00e1s popular y exigente de la ciudad &gt;&gt; Tu guia te acompa\u00f1ara por los 15,6 kms de monta\u00f1a con 1.000 metros desnivel positivo y varios kilometros m\u00e1s que podemos hacer en esa zona &lt;&lt;, asesor\u00eda y tips del gu\u00eda para afrontar la monta\u00f1a, parada para probar caf\u00e9 de origen y un lugar con mucha tradicion para los ciclistas de Medellin.<br \/>\n\u201c\u00c9PICA PALMAS\u201d<br \/>\n\u2b50\u2b50\u2b50\u2b50\u2b50<\/p>\n<p><strong>INCLUYE:<\/strong><br \/>\n\ud83d\udd18 Gu\u00eda en bicicleta, experto en ciclismo.<br \/>\n\ud83d\udd18 Coffee Welcome, Caf\u00e9 de origen.<br \/>\n\ud83d\udd18 Agua y Snack ( galletas \/ bocadillo ).<br \/>\n\ud83d\udd18 Seguro de accidente.<\/p>\n<p><strong>NO INCLUYE:<\/strong><br \/>\n\u25aaAdicionales en comidas \/ bebidas durante la ruta.<br \/>\n\u25aaAdicionales en comidas \/ bebidas en las paradas.<br \/>\n\u25aaBicicleta de alquiler. (Bici Ruta Disco $179.000 Cop)<\/p>\n<p><strong>\ud83d\udc41\u200d\ud83d\udde8 DATOS:<\/strong><br \/>\n* Precio del tour por persona $90.000 COP. Persona adicional $30.000<br \/>\n* Recomendamos tener el nivel f\u00edsico y la experiencia seg\u00fan los kil\u00f3metros y desnivel de la ruta.<br \/>\n* Se recomienda llevar cortavientos o chaqueta, botella personal con agua, protector\u00a0solar,\u00a0snacks.<\/p>\n<p>*TIEMPO DE LA ACTIVIDAD: aproximado entre 3 a 4 Horas<br \/>\n____________________________________________________________________________________________________________<br \/>\n<strong>ENG<\/strong><\/p>\n<p>We will ride up the most popular and demanding mountain in the city &gt;&gt; Your guide will accompany you along the 15.6 km mountain route with a 1,000-meter elevation gain and several more kilometers that we can do in that area &lt;&lt;, advice and tips from the guide on how to tackle the mountain, a stop to try local coffee, and a place with a lot of tradition for cyclists in Medellin.<\/p>\n<p>\u201c\u00c9PICA PALMAS\u201d<\/p>\n<p>\u2b50\u2b50\u2b50\u2b50\u2b50<\/p>\n<p>INCLUDES:<br \/>\n\ud83d\udd18 Cycling guide, cycling expert.<\/p>\n<p>\ud83d\udd18 Welcome coffee, specialty coffee.<\/p>\n<p>\ud83d\udd18 Water and snack (cookies\/sandwich).<\/p>\n<p>\ud83d\udd18 Accident insurance.<\/p>\n<p>NOT INCLUDED:<br \/>\n\u25aaAdditional food\/drinks during the route.<br \/>\n\u25aaAdditional food\/drinks at stops.<br \/>\n\u25aaBicycle rental. (Bici Ruta Disco $179,000 COP)<\/p>\n<p>\ud83d\udc41\u200d\ud83d\udde8 DETAILS:<br \/>\n* Tour price per person $90,000 COP. Additional person $30,000 Cop<br \/>\n* We recommend that you have the physical fitness and experience necessary for the distance and elevation of the route.<br \/>\n* We recommend bringing a windbreaker or jacket, personal water bottle, sunscreen, and snacks.<br \/>\n*ACTIVITY DURATION: approximately 3 to 4 hours<\/p><\/blockquote>\n","protected":false},"featured_media":303,"comment_status":"open","ping_status":"closed","template":"","meta":[],"product_cat":[15],"product_tag":[21,20,22,19],"class_list":["post-231","product","type-product","status-publish","has-post-thumbnail","hentry","product_cat-uncategorized","product_tag-bike-rental","product_tag-cycling-experiences","product_tag-single-day","product_tag-tour"],"_links":{"self":[{"href":"https:\/\/manilabikerental.com\/index.php\/wp-json\/wp\/v3\/product\/231"}],"collection":[{"href":"https:\/\/manilabikerental.com\/index.php\/wp-json\/wp\/v3\/product"}],"about":[{"href":"https:\/\/manilabikerental.com\/index.php\/wp-json\/wp\/v2\/types\/product"}],"replies":[{"embeddable":true,"href":"https:\/\/manilabikerental.com\/index.php\/wp-json\/wp\/v2\/comments?post=231"}],"wp:featuredmedia":[{"embeddable":true,"href":"https:\/\/manilabikerental.com\/index.php\/wp-json\/wp\/v2\/media\/303"}],"wp:attachment":[{"href":"https:\/\/manilabikerental.com\/index.php\/wp-json\/wp\/v2\/media?parent=231"}],"wp:term":[{"taxonomy":"product_cat","embeddable":true,"href":"https:\/\/manilabikerental.com\/index.php\/wp-json\/wp\/v2\/product_cat?post=231"},{"taxonomy":"product_tag","embeddable":true,"href":"https:\/\/manilabikerental.com\/index.php\/wp-json\/wp\/v2\/product_tag?post=231"}],"curies":[{"name":"wp","href":"https:\/\/api.w.org\/{rel}","templated":true}]}}