{"id":332,"date":"2024-11-16T10:26:48","date_gmt":"2024-11-16T15:26:48","guid":{"rendered":"https:\/\/manilabikerental.com\/?post_type=product&#038;p=332"},"modified":"2026-04-09T16:40:31","modified_gmt":"2026-04-09T21:40:31","slug":"oriente-antioqueno","status":"publish","type":"product","link":"https:\/\/manilabikerental.com\/index.php\/product\/oriente-antioqueno\/","title":{"rendered":"Oriente Antioque\u00f1o || Todos Los D\u00edas ||"},"content":{"rendered":"<p>\ud83d\udd1c Rodamos por la zona conocida como \u201cOriente Antioque\u00f1o\u201d, para encontrarnos con los pueblos de El Retiro y La Ceja. parada en restaurante local con comida t\u00edpica de la regi\u00f3n, Regreso por la v\u00eda Santa Elena ( 7,5 km \u2022 421 m \u2022 6% \ud83d\udcc8), ruta con poco tr\u00e1fico y mucho verde de monta\u00f1as, asesor\u00eda y tips del gu\u00eda para afrontar la ruta y parada para probar caf\u00e9 de origen.<br \/>\nY mucha buena vibra para celebrar la vida y el ciclismo de nuestra hermosa Colombia.<\/p>\n<p>INCLUYE:<br \/>\n\ud83d\udd18 Traslado en carro desde Manila Bike Rental u Hotel hasta punto de partida. (30-40 min)<br \/>\n\ud83d\udd18 Gu\u00eda en bicicleta durante todo el recorrido, experto en ciclismo.<br \/>\n\ud83d\udd18 Agua y Snack ( galletas \/ bocadillo ).<br \/>\n\ud83d\udd18 Seguro de viaje..<\/p>\n<p>NO INCLUYE:<br \/>\n\u25aa\ufe0fAdicionales en comidas \/ bebidas.<br \/>\n\u25aa\ufe0fBicicleta de alquiler. (bici ruta freno de disco $179.000 Cop)<\/p>\n<p>\ud83d\udc41\ufe0f\u200d\ud83d\udde8\ufe0f DATOS:<br \/>\n\u00b0 Recomendamos tener el nivel f\u00edsico y la experiencia seg\u00fan los kil\u00f3metros y desnivel de la ruta.<br \/>\n\u00b0 Se recomienda llevar cortavientos o chaqueta, botella personal con agua, protector solar, snacks.<br \/>\n<strong>TIEMPO DE LA EXPERIENCIA: Entre 6 a 7 horas\u00a0<\/strong><br \/>\n_______________________________________________________________________________________________________________<\/p>\n<p><strong>ENG<\/strong><\/p>\n<p>We will ride through the area known as \u201cOriente Antioque\u00f1o\u201d, to meet the towns of El Retiro and La Ceja. Stop at a local restaurant with typical food from the region, Return via Santa Elena (7.5 km \u2022 421 m \u2022 6% \ud83d\udcc8), a route with little traffic and lots of green mountains, advice and tips from the guide to face the route and a stop to try coffee of origin.<br \/>\nAnd lots of good vibes to celebrate life and cycling in our beautiful Colombia \ud83c\udde8\ud83c\uddf4<\/p>\n<p>INCLUDES:<br \/>\n\ud83d\udd18 Transfer by car from Manila Bike Rental or Hotel to the starting point. (30-40 min)<br \/>\n\ud83d\udd18 Bicycle guide, cycling expert.<br \/>\n\ud83d\udd18 Water and Snack (cookies \/ bocadillo).<br \/>\n\ud83d\udd18 Travel insurance.<\/p>\n<p>NOT INCLUDED:<br \/>\n\u25aa\ufe0fAdditional food\/drink fees.<br \/>\n\u25aa\ufe0fRental bike. (road disc brake $179.000 Cop)<\/p>\n<p>\ud83d\udc41\ufe0f\u200d\ud83d\udde8\ufe0f DATA:<br \/>\n\u00b0 We recommend having the level and experience according to the kilometers and unevenness of the route.<br \/>\n\u00b0 It is recommended to bring a windbreaker or jacket, personal bottle of water, sunscreen, snacks.<\/p>\n<p><strong>*Estimated duration of activity: 6 until 7 hours.<\/strong><\/p>\n","protected":false},"excerpt":{"rendered":"<p>INCLUYE:<br \/>\n\ud83d\udd18 Traslado en carro desde Manila Bike Rental u Hotel hasta punto de partida. (30-40 min)<br \/>\n\ud83d\udd18 Gu\u00eda en bicicleta, experto en ciclismo.<br \/>\n\ud83d\udd18 Una parada a probar comida t\u00edpica, incluida.<br \/>\n\ud83d\udd18 Coffee stop \u2615\ufe0f (Caf\u00e9 de origen), incluido.<br \/>\n\ud83d\udd18 Agua y Snack ( galletas \/ bocadillo ).<br \/>\n\ud83d\udd18 Seguro de viaje..<\/p>\n<p>NO INCLUYE:<br \/>\n\u25aa\ufe0fAdicionales en comidas \/ bebidas.<br \/>\n\u25aa\ufe0fBicicleta de alquiler. (bici ruta freno de disco $179.000 Cop)<\/p>\n<p>* Recomendamos tener el nivel f\u00edsico y la experiencia seg\u00fan los kil\u00f3metros y desnivel de la ruta.<br \/>\n* Se recomienda llevar cortavientos o chaqueta, botella personal con agua, protector solar, snacks.<br \/>\n<strong>TIEMPO DE LA EXPERIENCIA: Entre 6 a 7 horas\u00a0<\/strong><br \/>\n_______________________________________________________________________________________________________________<\/p>\n<p><strong>ENG<\/strong><\/p>\n<p>INCLUDES:<br \/>\n\ud83d\udd18 Transfer by car from Manila Bike Rental or Hotel to the starting point. (30-40 min)<br \/>\n\ud83d\udd18 Bicycle guide, cycling expert.<br \/>\n\ud83d\udd18 Typical food, included.<br \/>\n\ud83d\udd18 Coffee stop \u2615\ufe0f (Coffee of origin), included.<br \/>\n\ud83d\udd18 Water and Snack (cookies \/ bocadillo).<br \/>\n\ud83d\udd18 Travel insurance.<\/p>\n<p>NOT INCLUDED:<br \/>\n\u25aa\ufe0fAdditional food\/drink fees.<br \/>\n\u25aa\ufe0fRental bike. (road disc brake $179.000 Cop)<\/p>\n<p>* We recommend having the level and experience according to the kilometers and unevenness of the route.<br \/>\n* It is recommended to bring a windbreaker or jacket, personal bottle of water, sunscreen, snacks.<\/p>\n<p><strong>*Estimated duration of activity: 6 until 7 hours.<\/strong><\/p>\n","protected":false},"featured_media":333,"comment_status":"open","ping_status":"closed","template":"","meta":[],"product_cat":[15],"product_tag":[21,24,20,23,19],"class_list":["post-332","product","type-product","status-publish","has-post-thumbnail","hentry","product_cat-uncategorized","product_tag-bike-rental","product_tag-cycling","product_tag-cycling-experiences","product_tag-medellin","product_tag-tour"],"_links":{"self":[{"href":"https:\/\/manilabikerental.com\/index.php\/wp-json\/wp\/v3\/product\/332"}],"collection":[{"href":"https:\/\/manilabikerental.com\/index.php\/wp-json\/wp\/v3\/product"}],"about":[{"href":"https:\/\/manilabikerental.com\/index.php\/wp-json\/wp\/v2\/types\/product"}],"replies":[{"embeddable":true,"href":"https:\/\/manilabikerental.com\/index.php\/wp-json\/wp\/v2\/comments?post=332"}],"wp:featuredmedia":[{"embeddable":true,"href":"https:\/\/manilabikerental.com\/index.php\/wp-json\/wp\/v2\/media\/333"}],"wp:attachment":[{"href":"https:\/\/manilabikerental.com\/index.php\/wp-json\/wp\/v2\/media?parent=332"}],"wp:term":[{"taxonomy":"product_cat","embeddable":true,"href":"https:\/\/manilabikerental.com\/index.php\/wp-json\/wp\/v2\/product_cat?post=332"},{"taxonomy":"product_tag","embeddable":true,"href":"https:\/\/manilabikerental.com\/index.php\/wp-json\/wp\/v2\/product_tag?post=332"}],"curies":[{"name":"wp","href":"https:\/\/api.w.org\/{rel}","templated":true}]}}